 (40745/(-87))/((-10)/540)?
2, 3, 5, 281
Let t = -277 - -282. Suppose -4*p = -5*w - 23, 26*p = 25*p + t*w + 17. List the prime factors of p.
2
Let g(y) be the second derivative of 13/3*y**3 + 0 + 19/12*y**4 + 9/2*y**2 + 1/20*y**5 + 18*y. List the prime factors of g(-17).
5, 29
Let m(a) = a + 2 + 1 + 2. Let v be m(-5). Suppose -3*l + 5*l - 202 = v. List the prime factors of l.
101
Let a = -1610 - -2474. Suppose 0 = -3*p - 3*y + a, -4*p + 4*y - 864 = -7*p. Suppose 9 = 3*s, 5*m = 2*m - s + p. What are the prime factors of m?
5, 19
Suppose s - 496 = -5*p + p, p - s - 129 = 0. Suppose 122*y - p*y + 2289 = 0. What are the prime factors of y?
7, 109
Let o(x) = 31*x + 59. Let p(v) = 31*v + 58. Let s(l) = -4*o(l) + 5*p(l). What are the prime factors of s(2)?
2, 29
Let m = 125 - 121. Suppose -427 = -2*v + 5*q - 4*q, 2*v - 418 = m*q. List the prime factors of v.
5, 43
Suppose -5*z = 2*z + 14. Suppose -2*h - 3*l + 5 - 2 = 0, l + 3 = 0. List the prime factors of 46*1 + z*3/h.
3, 5
Let x(u) = 63*u - 67*u - 8 - 14 - 4. Let m be x(-7). Suppose -m*f + 5*j = -0*f - 134, -2*j - 179 = -3*f. What are the prime factors of f?
3, 19
Suppose 48*b + 67639 = 52*b + 3*z, -14 = 2*z. What are the prime factors of b?
5, 17, 199
Let w(c) = -15*c**3 - 3*c**2 + 15*c + 21. List the prime factors of w(-7).
2, 3, 7, 13
Let u(x) = 7*x**2 - 56*x - 672. What are the prime factors of u(-37)?
3, 7, 523
Let b = -101 + 105. Suppose 2*l - 469 = -3*h, -3*l = h - b*h + 444. List the prime factors of h.
3, 17
Suppose q - a - 7 = 0, 2*a + 0*a - 6 = -3*q. Suppose 0 = -10*w + 3*w + 938. Suppose 178 = q*d - w. List the prime factors of d.
2, 3, 13
Suppose 4*r - r - 330 = 4*y, 5*y + 4*r + 428 = 0. What are the prime factors of (-52458)/y + (-2)/4?
2, 3, 13
Suppose 54*l = 3*b + 50*l - 33923, 3*b = 5*l + 33925. List the prime factors of b.
5, 7, 17, 19
Let g(o) = -5922*o + 3861. List the prime factors of g(-3).
3, 89
Suppose -5*h + 3 = 13. List the prime factors of (-291)/h + -6 + 42/12.
11, 13
Suppose -613210 + 8409 - 1047049 = -50*j. What are the prime factors of j?
33037
Let q(i) = -i + 2. Let y(j) = -17*j - 176. Let u(f) = 6*q(f) - y(f). What are the prime factors of u(8)?
2, 3, 23
Let c(v) = -v + 4. Let p be 1*2/(-6) + (-28)/42. Let l be c(p). Suppose -l*u + 319 = -321. What are the prime factors of u?
2
Let p(w) = -w**3 - 11*w**2 + 8*w - 24. Let t be p(-10). Let y = 271 + t. List the prime factors of y.
67
Let f(y) = 67*y**2 + 7*y + 14. Let o be f(-3). Suppose -4*t = 3*z - o - 41, 1053 = 5*z - 2*t. What are the prime factors of z?
211
Suppose -8*v + 3*v = -o + 93, 2*o - 226 = 2*v. Let z = o + -209. Let d = 177 + z. List the prime factors of d.
2, 43
Let j be 2/(-6) - 3936/(-9). Suppose -l - 2 = -3*g + 5, 3*g + 2*l = 22. Suppose 356 = 4*z - g*o, -2*o - o + j = 5*z. What are the prime factors of z?
2, 11
Let j = -749 - -11128. What are the prime factors of j?
97, 107
Let m be (-18)/(((-135)/(-120))/(6/(-8))). List the prime factors of m/(6/(-2)) + (-63)/(-1).
59
Suppose -30*u = u + 62. List the prime factors of u - -886 - (4 - (-35)/(-5)).
887
Let g(w) be the first derivative of w**4/4 - 16*w**3/3 - w**2 - 24*w - 40. List the prime factors of g(17).
3, 7, 11
Let k(d) = d**2 - 10*d - 9. List the prime factors of k(13).
2, 3, 5
Suppose 24*w - 103655 - 14113 = 0. List the prime factors of w.
7, 701
Suppose 0 = -3*s, 2*v = -v + 4*s + 186. Let h = 186 - v. What are the prime factors of h?
2, 31
Suppose 58 - 68 = -2*y. Let o(w) = 6*w**3 - 21*w + 65. List the prime factors of o(y).
2, 5, 71
Let s = 146 + -164. Suppose 5*l = 2*j - 101, -5*l + 7 + 18 = 0. Let a = j + s. What are the prime factors of a?
3, 5
List the prime factors of -2*(0 + 1)*37464/(-560)*365.
3, 73, 223
Suppose 20*r = 307918 - 2018. What are the prime factors of r?
5, 7, 19, 23
Let k(t) = 5*t**2 + t + 27. Let o be k(7). Let y = o + -96. What are the prime factors of y?
3, 61
Let o = -2142 - -2131. Let r(y) be the third derivative of -y**6/120 - 3*y**5/20 + y**4/2 + 5*y**3 + 3*y**2. List the prime factors of r(o).
2, 5, 7
Suppose -6*f + 3*f + 20 = -4*a, -5*f = 5*a - 80. Suppose f = -6*d + 2*d, 3*k - 87 = -3*d. What are the prime factors of 8/(k/588)*1?
3, 7
Suppose 213 = 3*g - 5*m - 304, -5*g + 875 = -5*m. Suppose a = -4*n + 750, -6*n + 5*n + 4*a + g = 0. What are the prime factors of n?
11, 17
Let s(b) be the second derivative of 1/3*b**4 - 35*b + 0 + 11/6*b**3 + 17*b**2. What are the prime factors of s(-7)?
3, 17
Let d(n) = 24*n**3 - 8*n**2 + 19. Let w be d(6). Suppose -494*a + 499*a - w = 0. What are the prime factors of a?
983
Let d(x) = 144*x**3 + 18*x**2 - 40*x - 40. What are the prime factors of d(4)?
2, 1163
Suppose -53 + 47 = -3*c. Suppose t + 18 = -c*w - 23, -4*w - 89 = -5*t. Let u = w + 56. List the prime factors of u.
5, 7
Let p(o) = -o + 2. Let i be p(0). Let s(f) = f**2 - 8. Let d(u) = 2*u**2 - u - 9. Let v(x) = 4*d(x) - 5*s(x). List the prime factors of v(i).
2
Let a(s) = s**3 + 6*s**2 - 8*s - 3. Let o be a(-4). Let z = o + -64. List the prime factors of (-78 - -2)/((z - -6)/(-3)).
2, 19
Suppose 14*r = 26 + 30. Suppose r*g + 266 = 5*g + 2*q, -4*g = -4*q - 1100. What are the prime factors of g?
2, 17
Suppose -3*t - 4*k = -10438, 4*t - 6*k - 13908 = -9*k. Suppose t = 14*q + 4*q. What are the prime factors of q?
193
Suppose 44*s - 46*s + 6 = 0. Suppose -2*m + 524 = 6*n - 4*n, s*n = 2*m - 529. List the prime factors of m.
263
What are the prime factors of (10/4)/(1040/2861664)?
3, 2293
Suppose 0 = 10*v - 20 + 60. List the prime factors of (57/15 - 5)/(v/1510).
3, 151
Let p(h) = 4407*h**3 + h**2 + h. Let d be p(-1). Let g be (-1)/(155/(-93) + (-8)/(-3)). What are the prime factors of (d/27)/g - 6/27?
163
Let m = -25 - -20. Let t be (-12)/(-30) + (-18)/m. Suppose -2*p - 64 = -t*s, 0 = 3*s - s + 4*p - 12. List the prime factors of s.
2, 7
Suppose 665*y + 5327324 = 822*y. What are the prime factors of y?
2, 17, 499
Let u(l) = -9*l + 3. Let i be u(0). Suppose 2724 = i*n - 0*t - 3*t, 5*n = -t + 4540. List the prime factors of n.
2, 227
Let w(q) = q**3 + 9*q**2 - 10*q. Let u be w(-10). Suppose -3*g - 47 - 7 = u. What are the prime factors of 131/2 + (-9)/g?
2, 3, 11
Let u(l) = 58*l + l**3 + 62*l + l**2 + 61*l - 189*l + 14. Suppose -7*t = -10*t + 12. List the prime factors of u(t).
2, 31
Suppose -2*y - 4506 = -5*q, -q + 0*y - 3*y + 891 = 0. Suppose 30*i - 26*i = q. List the prime factors of i.
3, 5
What are the prime factors of ((-12 - -4) + 312/60)*-3020?
2, 7, 151
Let t be 14 + 0*(1 + 0/3). Suppose 11*f + 12 = t*f. Suppose f*u + u - 5*z - 185 = 0, 5*u = -z + 173. What are the prime factors of u?
5, 7
Let k = -6873 - -8511. List the prime factors of k.
2, 3, 7, 13
Let h(b) = 6*b**3 - 2*b**2 - 9*b + 28. Let j be (-22)/(-4) - 6/4. List the prime factors of h(j).
2, 43
Let l = 111 + -159. Let d = -44 - l. Suppose -2*m + 140 = -4*h, 0 = 2*h + d - 2. What are the prime factors of m?
2, 17
Suppose -32*p + 29*p - 21 = 0. Let w(g) = -g**3 + 4*g + 9. What are the prime factors of w(p)?
2, 3
Suppose 52*z = 32*z + 27040. Suppose 0 = -z*k + 1360*k - 2592. List the prime factors of k.
2, 3
What are the prime factors of (-8 + 30593)/5 + 15?
2, 3, 7, 73
Let d = 24 - -4. Suppose -2*i = -d + 14. Suppose -2*q = -13 - i. What are the prime factors of q?
2, 5
Let q be (-22)/(-88) + (18063/(-12) - -1). Let r = -891 - q. List the prime factors of r.
613
Suppose 43*q = 5*u + 45*q - 93162, -5*u + 4*q + 93126 = 0. List the prime factors of u.
2, 3, 5, 23
Let l be (1008/294)/(((-1)/7)/(-1)). Let k be -1 - (l/84 - 2454/14). What are the prime factors of (-1)/(-4) + k/8?
2, 11
Let l = -55 + 60. Suppose 762 = 2*q - 2*c, -l*q - 2*c = -c - 1905. List the prime factors of q.
3, 127
Let d be (-4*(-143)/(-26))/(4/350). Let y = -777 - d. List the prime factors of y.
2, 7, 41
Let n be (-59)/236 + (-433)/(-4). Let h = 420 - n. What are the prime factors of h?
2, 3, 13
Let g = -201 + 143. Let j = g + 55. List the prime factors of (-1708)/(-42) - (1 + 1/j).
2, 5
Let z(x) = x**2 + 29*x + 22. Let r be z(-33). Suppose -r = w - 212. List the prime factors of w.
2, 29
Let s(g) be the third derivative of -7*g**4/8 - 4*g**3/3 - 8*g**2. Let i be s(5). What are the prime factors of (-16)/32 + i/(-2)?
2, 7
Let u = -1 + 19. Suppose y + 13 = -5*r - u, -5*r = 2*y + 57. Let h =